 3. Let x be d(4). Determine n(x).
5
Let z(m) = m**2 + 3*m + 3. Suppose -3*d + 5 = 5*y - 5*d, 4*y - 32 = -4*d. Suppose 7 = -y*o - 2. Give z(o).
3
Let p(u) = -1. Let t(r) = 2*r + 8. Let v(b) = 2*p(b) + t(b). Let j be v(-5). Let y(o) = -o**3 - 4*o**2. Give y(j).
0
Let t(c) be the second derivative of -c**5/20 + c**4/2 - 5*c**3/6 - 5*c**2/2 - 2*c. Determine t(5).
-5
Let o(i) = 5*i**2 - i - 2. Let k be (-2)/8*0 + 8/4. Give o(k).
16
Let k(l) = 16*l**2 + l + 1. Let j(p) = p**3 - 2*p**2 - 4*p + 2. Let i be j(3). Determine k(i).
16
Let y(s) be the third derivative of -s**5/30 + 5*s**4/24 - s**3/3 - 4*s**2. Let m = 12 - 5. Suppose -5 - m = -4*z. Calculate y(z).
-5
Suppose 5*m - 19 = -v + 4*v, -5*m + 33 = 4*v. Suppose w + 3*h = 2 + 1, v*h = -2. Suppose -4*f + f = -w. Let a(j) = -j. What is a(f)?
-2
Let q(k) = 0 - 5*k + 3 - 3. Calculate q(4).
-20
Suppose 3*x - x + 4*m = 14, 10 = 4*x + 2*m. Let i(n) = -14*n**2 + 2*n - 1. Calculate i(x).
-13
Let j = 1 - 1. Suppose 0 = -j*n + 5*n. Suppose 0 = -n*q + 3*q + 5*i - 15, -i + 20 = 4*q. Let x(y) = 2*y - 5. What is x(q)?
5
Let c(f) = -2*f**2 - 1. Suppose -r = -4*h - 2, 2 = -2*h - 0. Calculate c(r).
-9
Let l(y) = -2*y. Let g = -3 + 5. Let z = 7 - g. Suppose 0 = -a + v + 5, -z*a - 4 = -3*a + 5*v. Give l(a).
-6
Let f be 26/(-6) + (-3)/(-9). Let o(j) = -4*j + 16. Let l(y) = 2*y - 9. Let u(z) = -11*l(z) - 6*o(z). Determine u(f).
-5
Let b be (-17)/(-5) - 8/20. Suppose -l = -5*h - 16, -h = 2*l + b*h + 38. Let a = l - -13. Let z(u) = u**2 - 6*u + 5. Give z(a).
-3
Suppose -t = 2 + 2. Let j(v) be the second derivative of v**5/20 + v**4/3 + v**3/3 + 2*v**2 - 2*v. Calculate j(t).
-4
Let w(h) = h**3 + 6*h**2 - 8*h - 5. Let z be w(-7). Let s(r) = 4*r - 4*r - 2*r**z - 2*r + 5*r. Calculate s(2).
-2
Let c be (-11)/(-2) + 3/2. Suppose 0 = 2*a - c*a. Let q(j) = j**2 + j - 5. Give q(a).
-5
Let l be (-1)/5 - (-130)/25. Let t(w) = 5*w - 4. Let s(r) = -3*r + 3. Let b(h) = 8*s(h) + 5*t(h). What is b(l)?
9
Let t(z) = -4*z + 1. Let k(b) = 3*b + 10. Let g be k(-4). Determine t(g).
9
Let x(s) = s + 1. Let t(j) = -4*j + 5 - 15 + 6. Let c(q) = -t(q) - 3*x(q). Determine c(-2).
-1
Let v(b) = 2*b**3 - 15*b**2 - 9*b + 13. Let w be v(8). Let s(z) = -z**3 + 5*z**2 - 5*z + 3. Calculate s(w).
-22
Suppose 0 = 7*p - 2*p - 2*n + 29, 2*p + 2*n = -6. Let i(l) = -l - 6. Give i(p).
-1
Let d be (1 - 24/3)*-1. Let z(i) = -3*i + d - 9 + 10*i. Calculate z(2).
12
Suppose 0 = -3*w + 2 + 4. Suppose w = -5*a - 8. Let u(x) = 2*x**3 + 2*x**2 - 3*x - 2. Calculate u(a).
-4
Let h(j) = -j - 21. Let n be h(-10). Let y be n/(-33) - 7/3. Let m(r) = -2*r - 2. Give m(y).
2
Let u(i) be the first derivative of i**7/840 - i**6/120 - i**5/60 - i**3/3 - 5. Let k(a) be the third derivative of u(a). Calculate k(3).
-6
Let a(n) = -n - 3. Suppose -4*d - 3 = 5. Give a(d).
-1
Let y = 0 - -4. Let n be 1*((-2 - 4) + y). Let k(c) = -4*c - 2. Determine k(n).
6
Let d be 2 + 0*1/2. Let t be 3*(-5)/(15/d). Let y = t - 0. Let j(c) = -c**2 - 3*c - 1. Calculate j(y).
1
Let y = -2 - -1. Let q(j) = 2*j - 2 + 5*j**3 - 4*j**3 - 4 + 7. Give q(y).
-2
Let p(c) = -c**3 - 2*c**2 - c - 1. Let t(w) = w - 10. Let d be t(8). Calculate p(d).
1
Let l(q) = -q - 4. Let o(b) = -b + 1. Let p(u) = l(u) + 3*o(u). Give p(1).
-5
Suppose -2*a + 0 + 18 = 0. Let b = 6 - 10. Let r = b + a. Let c(n) = -2*n + 3. What is c(r)?
-7
Let g(p) = 10*p + 8. Let z(t) be the third derivative of -t**4/24 - t**3/6 - 2*t**2. Let a(j) = g(j) + 6*z(j). Let c be -1*2 + 1 + -1. Determine a(c).
-6
Suppose -i = -0*o - 3*o - 2, -i - 5*o - 6 = 0. Let g(w) = -w + 10. Let j(h) = h. Let n(v) = i*g(v) - 2*j(v). What is n(-7)?
-3
Suppose 0*r - r = 0. Suppose j + 4*j + 10 = r. Let h(a) be the first derivative of -a**4/4 - 2*a**3/3 - 3*a**2/2 - 1. Give h(j).
6
Suppose 2*y = -l - 3*l + 18, -4*l - 4*y + 24 = 0. Let d(b) = b**2 - l*b + b + 3*b - 2*b - 1. Let p be (-3 + 10/3)*0. Give d(p).
-1
Let r(w) = w**2 + w. Let d be (-18)/3 - 1 - 0. Let q = d + 12. Suppose q*x + 6 = 3*x. Determine r(x).
6
Let y be 20/(-8) + -1 + 4. Let g(z) be the second derivative of 0 - 2*z - 2/3*z**3 - y*z**4 - 1/20*z**5 + 1/2*z**2. Give g(-5).
-4
Let p(z) be the second derivative of 5*z**3/6 - z**2/2 + z - 6. Determine p(1).
4
Let q(u) = u**3 - 3*u + 3. Suppose -12 = -3*n - 0*n. Suppose 4*o = 2*f + 26 + 26, 5*f = -n*o + 80. Suppose 5*z = -v + o, v - 6 = -1. Give q(z).
5
Let a(k) = -6*k**3 - 3*k**2 - 8*k + 1. Let b(h) = -h**3 - h**2 - h. Let f(n) = a(n) - 5*b(n). Determine f(2).
-5
Let v(z) = -z - 2. Let y = 0 - 0. Let h be -1 - (y + -1) - -4. Suppose 0 = u + u - h. Give v(u).
-4
Let a(j) = -5*j - 14. Let w(i) = 3*i + 7. Let y(o) = -4*a(o) - 7*w(o). Let u = -2 - -2. Suppose u*b = -b. What is y(b)?
7
Suppose 3*g = 1 - 13. Let j(i) = i**3 + 4*i**2 - 2*i - 2. Calculate j(g).
6
Suppose 0 = 2*g - 0*g - 24. Suppose -2*c = 4*c + g. Let m(l) = 5*l**3 - l + 4. Let h(a) = -a**3 - 1. Let f(t) = 4*h(t) + m(t). Give f(c).
-6
Suppose 0 = -4*c + 2*c + 48. Let d = 21 - c. Let i(q) be the third derivative of -q**4/24 + 2*q**3/3 + q**2. Calculate i(d).
7
Let x(m) = -5*m + 3*m + 5*m - 5 + 1. What is x(3)?
5
Let p = -34 - -33. Let m(v) = -6*v**3 + v**2 - v - 1. What is m(p)?
7
Let v(p) be the first derivative of 3*p**3 - p**2/2 + 3. What is v(1)?
8
Let a(x) = -6*x - 4*x + 0 - 6. Let l(u) = -3*u - 2. Let i(b) = 2*a(b) - 7*l(b). Let v(p) = p**3 - 7*p**2 - 8*p - 5. Let h be v(8). What is i(h)?
-3
Let g(l) be the first derivative of l**4/4 - 7*l**3/3 + 7*l**2/2 - 9*l + 4. Calculate g(6).
-3
Let v(n) be the second derivative of n**3/3 - 8*n. Give v(-1).
-2
Let c(q) = -q + 3. Let i(k) = -k + 4. Let m(x) = -4*c(x) + 3*i(x). Calculate m(-3).
-3
Let x(d) = -d**3 + 7*d**2 + 6. Let s be x(7). Let v(c) = -7 + 0*c - c + 18. Calculate v(s).
5
Suppose -6*b - 27 = -f - b, -3*b = 3*f + 9. Let x(o) = o**3 - o**2 + o. Let j(i) = 8*i**3 - 7*i**2 + 3*i + 2. Let w(m) = j(m) - 6*x(m). What is w(f)?
8
Let k(g) = 8*g + 3. Let u be (-6 - 32/(-6)) + 14/(-6). What is k(u)?
-21
Let a(q) = -q**3 - 5*q**2 + 6*q - 3. Let t(v) = v - 12. Suppose 5*d = -5*x + 4 + 6, 5*x + 32 = 2*d. Let j be t(d). Give a(j).
-3
Let d = 11 + -8. Suppose -d*y - 5 = -2*w, -y + w + 0*w = 3. Let l be (-1)/2*0/y. Let n(i) = i**3 - i + 9. What is n(l)?
9
Let l be 0 + -2 + (4 - -1). Let s(o) = -15*o**2 + 13*o**2 - o**l + 2 + 3*o + 2. Give s(-3).
4
Let b(s) = -5*s + 13. Let d(r) = -2*r + 6. Let x(a) = 3*b(a) - 7*d(a). Suppose 0 = -5*f + 3*f. Calculate x(f).
-3
Let l(a) = -5*a**3 + 1. Let h be 1/(-4) + (-58)/(-8). Let u = h + 0. Suppose 3*x = o - 5, 0 = -2*x + u*o - 2*o - 12. What is l(x)?
6
Let k(q) = q**3 - q**2 - 4*q + 4. Suppose 0*v - 51 = 3*v. Let i = -14 - v. Give k(i).
10
Let b(z) = 9 - 7*z + 16*z - 10*z. Let n be b(5). Let t(h) = -h**3 + 3*h**2 + 2*h - 2. Give t(n).
-10
Let v(x) be the third derivative of -x**6/120 - x**5/30 + x**4/24 - x**3/3 - 7*x**2. What is v(-3)?
4
Suppose p - 1 = -p - j, 5*p + 3*j = 1. Let h(m) = -4*m**2 + p*m - 2 + m**3 - 1 + 0 - m. Give h(4).
1
Let q(j) = -j + 1. Let v(w) = -2*w**3 + 2*w**2 + 6*w - 5. Let m(r) = -5*q(r) - v(r). What is m(-1)?
-3
Suppose 0*i - 2*i + 27 = -5*u, 0 = -i - 3*u - 14. Let l(h) = -10*h**2 + h. Give l(i).
-9
Let x(m) be the second derivative of -m**5/20 - 2*m**4/3 + 9*m**2/2 + 18*m. Calculate x(-8).
9
Let s(c) = c**3 - 5*c**2 - 4*c - 5. Suppose -5*a + 3*k + 15 = 0, 0*k - 9 = -3*a - 3*k. Suppose 0 = 2*o - a*o + 6. Give s(o).
7
Let t(b) be the second derivative of -1/3*b**4 + 0 + b - 3/2*b**2 + 1/20*b**5 + 2/3*b**3. Suppose -5*x = -10 - 0. Calculate t(x).
-3
Let n(h) be the third derivative of h**6/120 - h**5/12 + h**4/8 - 5*h**3/6 + 12*h**2. Determine n(5).
10
Suppose -z + 3 = -0. Suppose q + 1 = -z. Let b(x) be the first derivative of x**3/3 + 5*x**2/2 + 5*x - 1. Calculate b(q).
1
Let p(d) be the second derivative of d**6/360 + d**4/12 - d. Let b(u) be the third derivative of p(u). Let c be 2 + (0 - 3) - -4. Give b(c).
6
Let d(b) = -3*b + 11. Let v be (-22)/(-8) + 2/8. Let u(w) = w - 4. Let z(a) = v*d(a) + 8*u(a). Calculate z(-5).
6
Let i(m) = 13*m + 10. Let v(f) = f. Let z(j) = -i(j) + 4*v(j). Let q(l) = 3*l + 5 + 2*l + 2*l - 3*l. Let h(o) = -13*q(o) - 6*z(o). What is h(6)?
7
Let r(d) = -d - 2. Let w be 3/(1*6)*-50. Let i = -13 - w. Suppose 2*g + 0 - 2 = 2*j, 4*g - 2*j = i. Determine r(g).
-7
Let w(a)